te number?
True
Is 29084483 prime?
True
Is 1249781 a composite number?
True
Is 17859449 prime?
False
Is 835978855 composite?
True
Is 49092601 a prime number?
False
Is 32952797 prime?
False
Is 76867069 prime?
False
Is 2709061 a composite number?
False
Is 4648799 a prime number?
True
Is 103415341 a composite number?
False
Is 16006469 a composite number?
True
Is 75201949 a composite number?
True
Is 66502999 prime?
True
Is 323384638 a composite number?
True
Is 5403293 a composite number?
True
Is 8014571 composite?
True
Is 13199293 a composite number?
True
Is 11540621 a prime number?
False
Is 262731451 composite?
False
Is 3257603 prime?
True
Is 69068119 prime?
True
Is 2899691 a composite number?
False
Is 2181181 a prime number?
False
Is 416684582 composite?
True
Is 1184941 a composite number?
True
Is 8702471 a prime number?
False
Is 524873893 a composite number?
True
Is 505552666 composite?
True
Is 1189385 a composite number?
True
Is 3172129 composite?
True
Is 94388482 composite?
True
Is 6817259 composite?
False
Is 124021 a prime number?
True
Is 21262627 a prime number?
True
Is 440801 composite?
True
Is 4647133 a composite number?
False
Is 6549943 a prime number?
False
Is 5492287 prime?
True
Is 2592631 a composite number?
False
Is 59367143 composite?
True
Is 26232841 a prime number?
True
Is 3718259 composite?
False
Is 55311727 a prime number?
False
Is 3081797 a prime number?
True
Is 7201411 prime?
False
Is 132127969 prime?
False
Is 46564379 a prime number?
False
Is 17535149 composite?
False
Is 5445823 a prime number?
False
Is 12602191 prime?
False
Is 1407067 a composite number?
True
Is 75044731 composite?
False
Is 16173569 a prime number?
False
Is 5497094 prime?
False
Is 42452881 a prime number?
False
Is 3490127 composite?
False
Is 2485277 prime?
True
Is 3506611 prime?
False
Is 381673 a prime number?
True
Is 9677767 composite?
True
Is 4121959 a prime number?
True
Is 6613183 a prime number?
True
Is 8550902 a composite number?
True
Is 25543307 composite?
True
Is 5434241 a composite number?
True
Is 13319393 composite?
True
Is 19793861 a prime number?
True
Is 334718455 a prime number?
False
Is 16913839 a prime number?
True
Is 16621667 prime?
False
Is 2375557 a composite number?
False
Is 155238613 a composite number?
True
Is 35279059 a prime number?
True
Is 50324363 a prime number?
True
Is 71537051 prime?
False
Is 2448499 a composite number?
True
Is 1720031 prime?
True
Is 117877 composite?
False
Is 2559457 a composite number?
False
Is 11518079 a prime number?
True
Is 4219021 a prime number?
False
Is 1193897 composite?
True
Is 110455162 prime?
False
Is 1942903 a composite number?
True
Is 1767593 prime?
True
Is 5226587 composite?
False
Is 22173721 prime?
True
Is 136963 prime?
True
Is 4309001 a prime number?
True
Is 291011971 a composite number?
False
Is 27679609 a prime number?
True
Is 126203153 a composite number?
True
Is 14462119 composite?
True
Is 358592285 a composite number?
True
Is 6595049 a prime number?
True
Is 180187 prime?
False
Is 2663953 a composite number?
False
Is 200063 prime?
True
Is 46562147 prime?
True
Is 102182897 a prime number?
False
Is 121271 a composite number?
False
Is 62972405 prime?
False
Is 1575811 prime?
True
Is 59536847 a prime number?
True
Is 2339731 composite?
False
Is 13224037 a prime number?
True
Is 44559201 prime?
False
Is 16494691 composite?
True
Is 4149781 a composite number?
True
Is 464833 composite?
True
Is 143638023 composite?
True
Is 32764157 a composite number?
True
Is 13188191 a composite number?
True
Is 25852621 composite?
True
Is 10691561 composite?
True
Is 11309138 prime?
False
Is 116497 composite?
True
Is 15940553 composite?
False
Is 2042874937 composite?
False
Is 128672249 composite?
True
Is 43624894 a prime number?
False
Is 112229071 prime?
True
Is 47492395 a prime number?
False
Is 19610573 prime?
True
Is 52558451 composite?
True
Is 50132447 a composite number?
True
Is 1234126943 a composite number?
True
Is 23149849 a composite number?
True
Is 1067077 a composite number?
True
Is 1284131 prime?
True
Is 173086699 a prime number?
False
Is 2274407 a prime number?
True
Is 752681 composite?
False
Is 175025617 a composite number?
True
Is 2365963 a prime number?
True
Is 160953119 a prime number?
True
Is 101554391 a composite number?
False
Is 3800977 a composite number?
True
Is 140406953 a composite number?
False
Is 131228663 prime?
True
Is 15900449 a prime number?
True
Is 83773247 composite?
False
Is 950798197 a prime number?
True
Is 107115053 composite?
False
Is 1240333 a composite number?
False
Is 23154529 a composite number?
False
Is 5060921 composite?
False
Is 10097357 composite?
True
Is 37031383 composite?
False
Is 605531 prime?
True
Is 89311633 composite?
True
Is 54774527 composite?
True
Is 1410371 prime?
False
Is 18886663 a prime number?
False
Is 338959 composite?
False
Is 3727342 composite?
True
Is 5240441 prime?
True
Is 1982039 prime?
False
Is 1081411 prime?
False
Is 15078281 prime?
True
Is 102385667 composite?
False
Is 14707001 composite?
True
Is 114348661 a composite number?
True
Is 6368779 a prime number?
True
Is 536487353 composite?
False
Is 112984093 prime?
True
Is 22970603 composite?
False
Is 104996779 composite?
False
Is 948637 a prime number?
False
Is 12733769 prime?
False
Is 242693 prime?
False
Is 35553107 a composite number?
False
Is 48045581 composite?
False
Is 750361 a prime number?
False
Is 143499449 a composite number?
True
Is 12097445 a prime number?
False
Is 245475287 prime?
True
Is 5081519 a composite number?
False
Is 8479193 a composite number?
False
Is 1111561 a prime number?
False
Is 151310407 composite?
False
Is 47730499 a prime number?
False
Is 78467897 a prime number?
True
Is 42185669 prime?
True
Is 62963191 a prime number?
False
Is 1733639 composite?
False
Is 13959817 composite?
True
Is 4603619 a composite number?
False
Is 345126133 a prime number?
False
Is 29254931 prime?
True
Is 175527619 prime?
False
Is 50512903 a composite number?
True
Is 1374826 prime?
False
Is 6093629 composite?
False
Is 2548219 a prime number?
True
Is 75615409 prime?
True
Is 8016331 prime?
True
Is 28370161 prime?
False
Is 2977919 a composite number?
True
Is 115186287 a prime number?
False
Is 181033363 a prime number?
False
Is 892946517 composite?
True
Is 178820459 a composite number?
True
Is 10176223 prime?
False
Is 8813561 composite?
True
Is 3715091 a prime number?
False
Is 13728983 composite?
True
Is 33521821 a composite number?
False
Is 53485981 composite?
False
Is 1008681 prime?
False
Is 20756851 prime?
True
Is 24892327 prime?
True
Is 319617707 a composite number?
True
Is 13924243 a prime number?
False
Is 209117677 a prime number?
True
Is 82319333 a composite number?
False
Is 3616595 a prime number?
False
Is 23737129 composite?
True
Is 34809991 a prime number?
False
Is 41623117 prime?
True
Is 2610779 prime?
False
Is 41858639 a prime number?
True
Is 5674309 prime?
True
Is 141303739 prime?
True
Is 9406006 prime?
False
Is 60553291 prime?
False
Is 24078799 composite?
True
Is 104466107 a composite number?
False
Is 4322779 a composite number?
False
Is 45499411 composite?
True
Is 2527297 a prime number?
True
Is 1602319 composite?
True
Is 6099619 composite?
False
Is 13035229 a composite number?
True
Is 62501977 prime?
True
Is 3846961 prime?
True
Is 4388443 a prime number?
True
Is 147084371 a prime number?
False
Is 64166329 a composite number?
False
Is 11383103 a composite number?
True
Is 29254541 a composite number?
False
Is 392032061 composite?
False
Is 234589163 composite?
False
Is 1592099 a composite number?
False
Is 7796174 a composite number?
True
Is 510253003 a prime number?
False
Is 4950481 a prime number?
False
Is 62289959 a prime number?
True
Is 11571089 composite?
False
Is 33565031 a composite number?
True
Is 62898919 composite?
True
Is 18890249 composite?
True
Is 4588121 prime?
True
Is 9323449 a composite number?
False
Is 51460919 composite?
False
Is 7464371 composite?
False
Is 112808639 composite?
True
Is 4971794 a composite number?
True
Is 39714667 a composite number?
False
Is 214417949 a prime number?
True
Is 2171679 a prime number?
False
Is 60727085 prime?
False
Is 2001239 prime?
False
Is 29346979 composite?
False
Is 19344638 prime?
False
Is 36294667 prime?
False
Is 285031 composite?
False
Is 1